. Let a(f) = 17*f**2 - 1. Let y(p) = -17*p**2 + 2. Let j(q) = 3*a(q) + 2*y(q). Let g be j(w). Calculate the highest common divisor of 45 and g.
9
Let h = 36 - -12. Suppose 9*v + 136 = 3*o + 4*v, 2*o + v - 95 = 0. Let x = o + -31. Calculate the highest common divisor of x and h.
16
Suppose 0 = -s - 3*b + 13, -3*b + 1 = -2. Calculate the highest common divisor of s and 10.
10
Let y(a) = -a**2 - 10*a - 8. Let p = 3 + -9. Let d be y(p). Calculate the greatest common factor of d and 4.
4
Suppose 0 = 3*o - o - 170. Let n be (-105)/(-20) - (-3)/(-12). Suppose h - 74 = -n*u + 91, u + 3*h = 19. Calculate the greatest common divisor of u and o.
17
Suppose -2*z = -26 - 4. Let l(o) = -4 - 3*o**2 + 5*o**2 + 5 + 2*o - 5*o**3. Let h be l(-2). Calculate the greatest common factor of h and z.
15
Suppose 658 = -4*r + 2*h - 7*h, -4*r = -5*h + 638. Let t = r + 266. Let u be (-13 - 0)*1/(-1). What is the greatest common factor of t and u?
13
Let t(z) = -z**2 - 14*z - 28. Let m be t(-10). Calculate the greatest common divisor of m and 132.
12
Suppose 2*f = 7*f - 920. What is the highest common factor of f and 23?
23
Let c be 40/(-2)*(-7)/14. Calculate the greatest common divisor of c and 190.
10
Let i = 7 - 8. Let j = i - -57. Calculate the highest common divisor of 8 and j.
8
Suppose c + 3 = 63. What is the highest common divisor of c and 20?
20
Let z = 121 + -9. Let v(a) = a**3 - a + 4. Let d be v(3). Calculate the greatest common divisor of d and z.
28
Let n(x) = x**3 + 7*x**2 - 12*x - 16. Let p be n(-8). What is the highest common divisor of 48 and p?
16
Let k be ((-1)/(-2))/((-1)/22). Let s be -1 - (0 + k + -2). Suppose -5*d - 2*u = -78 - s, -5*d = -2*u - 110. What is the highest common divisor of 60 and d?
20
Let x be (-34)/(-6) - (-4)/(-6). Let a = 55 - 50. Calculate the greatest common divisor of x and a.
5
Let g = 128 + -118. What is the greatest common factor of g and 10?
10
Suppose 19 = -3*p + 4*p. What is the highest common divisor of 209 and p?
19
Let x(y) = 23*y**2 + y + 2. Let u be x(2). Calculate the greatest common divisor of u and 12.
12
Let b(c) be the first derivative of -c**2/2 + 38*c - 1. Let l be b(0). Let i = -32 - -127. Calculate the highest common divisor of i and l.
19
Let d = 116 + -95. Let u be (-6)/15 - (-37)/5. Calculate the highest common factor of d and u.
7
Let m be 168/27 - 4/18. Calculate the highest common factor of 15 and m.
3
Let q(h) = -2*h + 5*h + 4*h - 4*h. Let o be q(-5). Let k = o + 28. Calculate the greatest common divisor of 26 and k.
13
Let q(y) = 10*y**2 + 3*y - 1. Let j be q(2). Let l = j - -21. What is the highest common divisor of l and 6?
6
Suppose 5*t - 130 = -0*t. Let c be 3*1*t/3. Let r(b) = 65*b**2 - b + 1. Let o be r(1). Calculate the greatest common factor of o and c.
13
Suppose -13*c + 5 = -346. Calculate the highest common factor of c and 9.
9
Suppose 9*w + 144 = 12*w. What is the highest common factor of w and 16?
16
Let g(r) = -6*r**3 + r**2. Let b be g(-1). Suppose w - 4*j - b - 1 = 0, -7 = -w + 3*j. Calculate the highest common factor of 28 and w.
4
Let a be 21/(-9)*(-8 + 5). Calculate the highest common divisor of 49 and a.
7
Suppose k = 5*a - 14, 5*a - 3*k + 4 = 26. Suppose -a*x + 7*x - 30 = 0. What is the greatest common factor of x and 42?
6
Let p be 13 - 2*(-3)/(-6). What is the greatest common factor of 96 and p?
12
Suppose 2*r = -4*f + 668, -5*r + 3*f + 1712 = -f. Suppose -5*o - 3*m = -179, 7*o = 3*o - 4*m + 148. What is the highest common factor of o and r?
34
Let z(m) = -3*m + m - 5 + m**2 + 4. Let n be (-4)/(-2) + -4*1. Let w be z(n). Calculate the greatest common divisor of 77 and w.
7
Let g = 115 + -229. Let m = 226 + g. What is the highest common factor of m and 16?
16
Let f(r) = 7*r + 6. Let s be f(2). Calculate the highest common factor of s and 35.
5
Let l(r) = r**3 - 14*r**2 - 14*r + 16. Let u be l(15). What is the highest common divisor of u and 341?
31
Let c(t) = t**3 - 6*t**2 + t - 5. Let b be c(6). Let z = 3 + b. Calculate the highest common factor of z and 44.
4
Suppose -2*w = u + 2, 0 = -4*u + 4*w + 4 - 0. Suppose g = -u*g + 2. What is the highest common factor of 1 and g?
1
Let a be -12*3/(-3)*1. Calculate the greatest common divisor of a and 36.
12
Suppose 0*i + 90 = i. What is the highest common divisor of 10 and i?
10
Let s be (2 + (-5)/3)*33. Calculate the highest common factor of 88 and s.
11
Suppose c = 4*c - 9. Suppose -7 = q + 8*w - c*w, -w + 85 = 5*q. What is the greatest common divisor of q and 2?
2
Suppose -3*w + 4*w = 8. Suppose -2*s = -3*y + 15, -s = -0*s + 3. Suppose -b - y*b + 16 = 0. What is the highest common divisor of b and w?
4
Suppose f - 807 = -2*f. Suppose 3*r - 136 - f = 0. Let j = -4 + 19. What is the greatest common factor of j and r?
15
Let h = 157 - 121. Calculate the greatest common divisor of h and 96.
12
Suppose 142 = 9*m + 34. What is the greatest common divisor of m and 96?
12
Suppose -5*n + 65 = -0*n. Let t = n - 0. Calculate the highest common divisor of 91 and t.
13
Let c = 0 + 2. What is the highest common factor of c and 14?
2
Suppose -l = -3*j - 58, -2*j - 3*j + 300 = 4*l. Suppose 4*x - 18 - 22 = 0. What is the greatest common divisor of x and l?
10
Let x be (1 + -1 + -1)*-84. Suppose 0*t - 5*f - 73 = -3*t, -3*t + f = -65. Calculate the greatest common divisor of x and t.
21
Let l(w) = -8*w + 44. Let j be l(4). What is the greatest common factor of 96 and j?
12
Let r = -23 - -27. Suppose -552 = -u - r*u - k, 0 = k - 2. What is the greatest common divisor of 44 and u?
22
Let m be (-4 - 26)*3/(-5). Calculate the highest common factor of m and 6.
6
Let u(a) = a**3 + 7*a**2 - 7*a - 2. Let f be u(-6). Let s = f - 34. Calculate the greatest common factor of 6 and s.
6
Suppose 4*h = 5*j - 584, -3*h + 472 = 4*j - 5*h. Suppose z = 4*z + 3, 4*u + 10 = 2*z. Let y be (15/(-3))/(1/u). Calculate the greatest common factor of y and j.
15
Let h be (-2)/8 - (-980)/16. Suppose 0 = -5*a + 44 + h. What is the highest common factor of 3 and a?
3
Let y(k) = k**3 - 6*k**2 - 5*k - 5. Let v be y(7). Let j be v/12 + 213/4. Calculate the greatest common factor of j and 135.
27
Suppose 6*d = 11*d - 1755. Calculate the greatest common divisor of 39 and d.
39
Suppose 3*a = 5*g + 212, -a + 5*g - 8*g = -66. Calculate the highest common divisor of a and 46.
23
Suppose -57 = 4*z + 79. Let r = z - -50. Let y be 2/(2*(-1)/(-4)). What is the greatest common divisor of y and r?
4
Let k be (-2)/1 + (-2 - -12). Let c(b) = -b**3 - 3*b**2 + 3*b. Let d be c(-4). Calculate the greatest common factor of d and k.
4
Let m(k) = k**3 - 4*k**2 - 3*k - 2. Let r be m(5). Let f = r + 2. What is the highest common factor of f and 2?
2
Let k(a) be the first derivative of -a**3/3 + 6*a**2 - 8*a + 2. Let b be k(6). Calculate the greatest common divisor of b and 4.
4
Let v be (-1480)/(-35) - (-2)/(-7). Let x be -2*v/(-9)*3. Let p be (1 + (-33)/(-9))*3. Calculate the highest common factor of p and x.
14
Suppose 3*i + 5 - 14 = 0. Let p be (-1 + 0)*i/(-1). What is the highest common factor of p and 33?
3
Let z(l) = -l**3 + 4*l**2 - 3*l + 1. Let f be z(2). Suppose t - 129 = -3*c, 185 = 4*c - 0*c - f*t. Calculate the highest common divisor of 4 and c.
4
Let i(j) = -3*j + 7. Let l be i(-6). Suppose 8*b = 6*b - 442. Let f be 7154/26 + 34/b. What is the greatest common divisor of l and f?
25
Let c be 7/3 - 18/(-27). Calculate the greatest common factor of c and 12.
3
Let b = -2 + 2. Let u = b - -3. Suppose 0 = u*h + 2*h - 315. What is the highest common divisor of h and 9?
9
Let c be (-2108)/(-20) - 6/15. Calculate the greatest common factor of c and 42.
21
Suppose 3*h = -h + 24. Let u(q) = -q**3 - 4*q**2 - 2*q + 2. Let x be u(-3). Let z be 1 + 16 + x*2. What is the greatest common divisor of z and h?
3
Let h(m) = 15*m**3 - m. Let o be h(-1). Let k = o + 4. Let g be (2 + 1)*k/(-3). What is the greatest common divisor of 4 and g?
2
Let n(u) = -u + 30. Let x be n(6). Let c(h) = -3*h**2 - 4*h - 2. Let i be c(-2). Let w = i - -14. Calculate the highest common factor of x and w.
8
Suppose 5*d - 2*d = 54. What is the greatest common factor of 18 and d?
18
Suppose 2*y + 18 = -a + 2*a, -27 = y - 5*a. Let c(k) = k**3 + 7*k**2 + 2. Let v be c(y). What is the highest common divisor of 6 and v?
2
Let z(q) = q**3